(t) be the third derivative of t**4/12 + 25*t**3/6 + 7*t**2. Let c(q) = -14*p(q) - 3*v(q). List the prime factors of c(11).
2, 11
Suppose b = 8*b - 28. Suppose 0 = -3*v + 5*l + 81, -b*v + 7*v + 4*l - 108 = 0. List the prime factors of v.
2
Let r = -329 + 405. What are the prime factors of r?
2, 19
Let w(a) = 688*a**2 - 19*a - 1. What are the prime factors of w(1)?
2, 167
Suppose -5*b + 2*n = -4335, -3*b + 0*b = n - 2590. List the prime factors of b.
5, 173
Let r be (-21)/(-49) - (-311)/(-7). Let z be 2/(-11) + (-1196)/r. What are the prime factors of (1*6)/(z/18)?
2
Let d be 1/((-36)/(-8)) - (-16595)/45. Let o = d + -195. What are the prime factors of o?
2, 3, 29
Let j(q) = -4*q + 2. Let n be j(3). What are the prime factors of 12/n*-5*1/1?
2, 3
Let h = -44 - -47. Suppose -3*o = 0, 3*u - h*o - 498 = -8*o. What are the prime factors of u?
2, 83
Suppose 0 = -3*o + 2*p + 318, o + 447 = 5*o + 5*p. What are the prime factors of o?
2, 3
Let t be -11*((-42)/9)/((-2)/(-3)). Suppose a - t = 2*q, -a + 156 = a - 5*q. What are the prime factors of a?
73
Let a be (4 - 12)*1/(-2). Suppose -60 - 4 = a*t. Let n(b) = -2*b + 20. List the prime factors of n(t).
2, 13
Let v(o) = o**3 + 4*o**2 + 3*o + 1. Let s be v(-3). Let q be ((-14)/4)/(2 - (-25)/(-10)). Let p = s + q. List the prime factors of p.
2
Suppose 0*i + 120 = i - 2*j, 3*i - 4*j = 356. Suppose 99 = 5*s - i. What are the prime factors of s?
43
Let n(l) = -2*l + 0*l + 0 - 6 + 4. Let k be n(-5). Suppose -36 = k*h - 9*h. What are the prime factors of h?
2, 3
Suppose -77 - 27 = -8*o. Let j(q) = -2*q - 35. Let m(f) = -f - 34. Let i(w) = 2*j(w) - 3*m(w). What are the prime factors of i(o)?
19
Suppose 0*v + 14629 = 5*p + v, -2*p + 5*v + 5857 = 0. List the prime factors of p.
2, 7, 11, 19
What are the prime factors of (2 - (-6)/2) + 18*107?
1931
Let i(y) = -y**3 - 23*y**2 - 4*y + 31. What are the prime factors of i(-24)?
19, 37
Suppose -4*u - 5*l + 10067 = 0, -4*l = -102*u + 97*u + 12635. List the prime factors of u.
3, 29
Suppose 5*l = -4*h + 5, 0 = 2*h - l + 2 - 1. List the prime factors of (0 - h)*10/(-20) + 183.
3, 61
Suppose 5*k - 42 = -3*f, -k + 9 = 2*f - 4*k. Let h be f + (-4)/(-3)*-3. Suppose -108 = -4*p - 0*r - r, -h*p - 5*r + 120 = 0. What are the prime factors of p?
2, 7
Let q(w) = 2*w**2 + 6*w. Let d(u) = -2*u - 38. Let s be d(-16). List the prime factors of q(s).
2, 3
Let j = -8 - -22. Suppose 0 = 4*k - 2*y + 2, 4*k + y + 1 = j. Suppose 4*x - 76 = -k*u + 4*u, 2*u - 50 = -3*x. What are the prime factors of x?
2, 3
Let a = -15 - -29. Let i = 17 - a. Suppose 5*l + 0*y = -y + 50, i*l = y + 30. List the prime factors of l.
2, 5
Suppose -11*n = -17*n + 3708. Suppose 68*y - n = 65*y. What are the prime factors of y?
2, 103
Let s(t) = -t**2 + 12*t - 11. Let k be s(11). Let o = k + 2. Suppose -o*j + 1 = -25. List the prime factors of j.
13
Suppose -f + 0*i - 5 = -4*i, 0 = -2*i + 8. Let y(x) = -x**3 + f*x**2 + 2*x + 3*x - 15 - 4*x**2 + x**2. What are the prime factors of y(7)?
3, 23
Let m(g) = -2*g**3 - 13*g**2 - g + 21. What are the prime factors of m(-10)?
17, 43
Let u be (-8)/(-6) - (-8)/(-6). List the prime factors of u + (-2)/2*-31.
31
Suppose -4*f - 2 = 2*q - 32, -2*q + 18 = 2*f. Suppose f*v = v + 40. List the prime factors of v.
2
Let d(y) = -y**2 - 5 + 6*y**3 - 7*y**3 - 3*y**2 - 4*y**2 + 18*y. What are the prime factors of d(-11)?
2, 5
Suppose 0 = -9*l + 6*l + b + 156, l = -2*b + 45. What are the prime factors of l?
3, 17
Let h(n) = n**2 + 12*n + 20. Let y be h(-10). Suppose -6*c - 2 + 116 = y. List the prime factors of c.
19
Suppose -3*j + 2*j - 5*z + 402 = 0, 4*j - z = 1503. Let g = -214 + j. What are the prime factors of g?
163
Let t(r) = 13*r**2 - 95*r + 16. Let u(q) = 9*q**2 - 63*q + 11. Let c(w) = -5*t(w) + 7*u(w). What are the prime factors of c(11)?
3, 43
Suppose -7*u + u = -2862. List the prime factors of (5/(-10))/(1 - u/474).
79
Let l(h) = -h + 25. Let s(x) = -x + 12. Let r(g) = -4*l(g) + 9*s(g). What are the prime factors of r(-4)?
2, 7
Let q(v) = -v**3 - v + 25. Let m(a) = a**2 - 5*a - 6. Let l be m(6). List the prime factors of q(l).
5
Let m = -10 + 10. Suppose h + 5 = m, 2*h = 4*j - 3*h - 1. Let n(k) = -k**3 - 6*k**2 - 2*k - 3. List the prime factors of n(j).
3
Let g be -1 + 2 - (3 + -172). Suppose -n + 2*n - 2*s - 160 = 0, g = n - 4*s. Suppose -v - n = -6*v. What are the prime factors of v?
2, 3, 5
Suppose -187*n + 179*n + 2432 = 0. List the prime factors of n.
2, 19
Let u be ((-12)/(-8))/(3/26). Suppose 0 = 3*d - u - 218. Let v = d + -32. What are the prime factors of v?
3, 5
Suppose 6467 = 44*s - 27941. List the prime factors of s.
2, 17, 23
Let m(t) = 12*t - 32. Let j(h) = 2*h + 1. Let c(p) = -j(p) - m(p). List the prime factors of c(-15).
241
Let w = -33 + 52. Let f be 12*(-3)/((-18)/4). Let i = w + f. List the prime factors of i.
3
Suppose -43*q - 25*q = -150280. What are the prime factors of q?
2, 5, 13, 17
Let d be -1 - (5 - 3) - -3. Suppose -4*u + d*u + 3*v + 111 = 0, -5*v - 5 = 0. List the prime factors of u.
3
Let u(w) be the first derivative of w**4/4 + w**3/3 + w**2 + 27*w - 12. What are the prime factors of u(0)?
3
Suppose 2*y - 2*q - 2232 = -2*y, 0 = q. List the prime factors of y.
2, 3, 31
Let w(f) be the third derivative of f**5/20 + f**4/2 - 10*f**3/3 - 5*f**2. What are the prime factors of w(-7)?
43
Let j(o) = 3*o**2 - 6*o**2 - 11 - 2*o**3 - 7*o**2 + o**3 - 2*o. Let n be j(-10). List the prime factors of n*(-1 - -3) - 3.
3, 5
Suppose -5*d + 16 - 1 = 0. List the prime factors of 2 - d - (6 + -125).
2, 59
Let h(r) = r**2 - 15*r - 12. Let d be (19/1)/(-6 - -7). List the prime factors of h(d).
2
Let w(a) = 157*a**2 - 4. Let t be w(-2). Suppose -10*f + t = -2*f. What are the prime factors of f?
2, 3, 13
Suppose -1 + 6 = -s. Let q(o) = o**3 + 5*o**2 - 2*o - 7. Let r be q(s). List the prime factors of r/6*8*3.
2, 3
Let b(x) = 225*x + 22. List the prime factors of b(2).
2, 59
List the prime factors of (-4 + (7485/(-10) - -5))*-2.
5, 13, 23
Let p be (-1)/(-3) + (-112)/(-24). Suppose p*q - s = 316, -2*s - 5 = -3*q + 179. What are the prime factors of (-6)/4*q/(-6)?
2
Let q = -368 + 597. Suppose -4*b + q + 267 = 0. What are the prime factors of b?
2, 31
Let o be 5/5*(-14 + 1). Let l be o + 12 + 4*1. What are the prime factors of (1/l)/(7/546)?
2, 13
Suppose 2*o - 5*y - 183 = 5*o, -2*y - 61 = o. Let r(s) = s**3 - 10*s**2 + 7*s - 6. Let h be r(5). Let p = o - h. What are the prime factors of p?
5, 7
Let c(s) = -s**2 - 12*s. Let b be c(-12). Suppose 2*u - k = -u + 25, 4*k + 1 = u. What are the prime factors of (b - -1*u)/1?
3
Suppose 8*q + 76 = 9*q. Let l = 122 - q. What are the prime factors of l?
2, 23
Let f(u) = 2*u. Let d be f(6). Suppose -5*x - 6 = -2*a, -3*a + d = -x + 3. Suppose x = -2*c - 0*c + 78. What are the prime factors of c?
3, 13
Let j(i) = 5*i**2 + 7*i - 13. Let t = 21 + -17. What are the prime factors of j(t)?
5, 19
Suppose 8 = 2*y, -4*n - 2*y - y + 24 = 0. List the prime factors of n/(12/40) + -1.
3
What are the prime factors of ((-6)/(-12)*2684)/(3 + -1)?
11, 61
Let f = -9 + 25. Suppose 92 = -f*p + 20*p. List the prime factors of p.
23
Suppose -5*r = -3*q, -2*r = 4*q + 2*r - 32. Suppose 0 = -4*l + 3*g + 147 + 516, 5*g = q*l - 830. What are the prime factors of l?
3, 5, 11
Let z = 135 - 130. List the prime factors of (-4356)/(-110) - (-2)/z.
2, 5
Let t(h) = -h**3 - 8*h**2 + 8*h + 19. Let r be t(-6). Let p = r + 167. What are the prime factors of p?
2, 3, 11
Let o be (2/(-5))/(1/(-5)). Suppose -2*q + 2*y = -4, -q - o = 3*y - 0. Suppose -4*i = -17 + q. List the prime factors of i.
2
Let v = 40 - 28. Let a(u) = 6*u - 5*u + 0*u + 0 - v. What are the prime factors of a(15)?
3
Suppose -4*k = -20 + 4. Suppose p + k = -1, -3*p - 350 = -5*j. What are the prime factors of j?
67
Suppose -4*n + 2690 = n. List the prime factors of n.
2, 269
Let j = -34 + 83. Suppose -3*g + j = -4*r + 181, 5*g = -20. What are the prime factors of r?
2, 3, 5
Let s(z) = -32*z**3 + 2*z**2 - 6*z - 18. What are the prime factors of s(-3)?
2, 3, 7
Let r = -22 + 23. Suppose r = -8*g + 25. Suppose -g*s + 73 = -2*s. What are the prime factors of s?
73
Suppose -2*f + 2*k - k + 261 = 0, -2*k = -5*f + 653. What are the prime factors of f?
131
Suppose 0 = -k, 3*k + k = -3*d - 12. Let a(w) = 13 - 6*w +